Let k be 3 - -1 - -1*2. List the prime factors of 1*2/(4/k).
3
Let c be ((-11)/3)/((-4)/24). Let g be c/(-6) - (-4)/6. Let h = g - -13. List the prime factors of h.
2, 5
What are the prime factors of (-2)/5 - 321/(-15)?
3, 7
Suppose 0 = 2*v - n - 145, 3*n = -2*v + 2*n + 135. Suppose -i = i. Suppose -5*a + v = -i*a. What are the prime factors of a?
2, 7
Suppose 0 = -2*y - 8 + 92. List the prime factors of y.
2, 3, 7
Let r(c) = 22*c - 2. List the prime factors of r(1).
2, 5
Let p be (-2)/(-9) - 38/9. Suppose 339 - 55 = 4*z + 4*w, 5*z - 391 = 4*w. List the prime factors of z/6*p/(-5).
2, 5
List the prime factors of 27*(-1 + (-16)/(-12)).
3
Let s(l) = 6*l**2 - 1. Let u be s(1). Suppose -4*h = -4*x - 40 + 8, 0 = u*x - 5. Suppose -2*v + 3 + h = 0. List the prime factors of v.
2, 3
Suppose 0 = -3*r + r + 216. List the prime factors of r.
2, 3
Let p(n) = n**2 + n - 5. List the prime factors of p(4).
3, 5
Let o(l) = l**2 + l + 1. Let k be o(-1). Suppose -2*w + 5 = k. What are the prime factors of w?
2
Let w be 40/18 - 2/9. Let j(p) = -4*p**3 + 4*p + 3. Let v be j(-2). Suppose v = w*a + a. List the prime factors of a.
3
Let q(u) = u + 4. Let r be ((-8)/(-2 - -1))/2. Let b be q(r). Suppose -3*l = 3*x + 2*l - b, -2*l + 34 = 4*x. List the prime factors of x.
11
Let z = -1 - -77. What are the prime factors of z?
2, 19
Let r(z) = -z**3 - 3*z**2 - 2*z - 1. Let q be r(-2). Let c = q - -3. Suppose -3*s + b = -37, -s + 5*b + 9 = -c*s. List the prime factors of s.
11
Let m be 1/(-1)*1*6. Let a be (-10)/3*m/4. What are the prime factors of 2/(-5) + 52/a?
2, 5
Let f = -57 - -124. Suppose -3*t + f = 2*y, -61 = -4*t + 6*y - 3*y. What are the prime factors of t?
19
Let f be (-4)/(-2 + (2 - 2)). Suppose f*o - o + 38 = 2*d, -13 = -d - o. What are the prime factors of d?
17
Let t = 9 + -3. Let v(k) = 2*k**2 - 6*k + 4. What are the prime factors of v(t)?
2, 5
Suppose -418 = -5*z + 3*f - 4*f, -2*z + 175 = 3*f. What are the prime factors of z?
83
Suppose 4*m - 10*m + 852 = 0. List the prime factors of m.
2, 71
Suppose 8 = -3*p + 2. What are the prime factors of 1/(1/(32 + p))?
2, 3, 5
Suppose -2*h + h = 0. Suppose 0 = 2*p + f - 7, h*f + 5 = 3*p - 4*f. Suppose 6*t = 2*t - 2*y + 8, 28 = 4*t - p*y. List the prime factors of t.
2
Let i(s) = s**2 + 9*s + 5. Let j be i(-8). Let b be (-2)/j + (-386)/(-6). Suppose 5*q + 10 = b. List the prime factors of q.
11
List the prime factors of (40/(-50))/(4/(-10)) - -98.
2, 5
Let x(o) = o**3 + 7*o**2 + 4. List the prime factors of x(-3).
2, 5
Let b = 49 + -29. What are the prime factors of b?
2, 5
Let o(y) = y + 10. Let p = -6 + 0. Let r be o(p). Suppose 4*l = -2*q - 2, -r*q - 2*l = 8 - 22. List the prime factors of q.
5
Suppose l + l = 76. What are the prime factors of l?
2, 19
Let l(s) = -s**2 + 7*s - 6. Let a be l(6). Suppose a = -0*v - 2*v + 18. What are the prime factors of v?
3
Suppose -l + 3 - 12 = 0. List the prime factors of (-156)/(-27) - 2/l.
2, 3
List the prime factors of (-462)/(-36) + (-3)/(-18).
13
Let c = 8 + -5. List the prime factors of -3 + (2 - (-57)/c).
2, 3
Let w = 57 - 37. Suppose -4*r = -w, 2 = 2*h - 0*r - 2*r. List the prime factors of h.
2, 3
Let t be ((-4)/5)/(2/(-5)). Suppose -6*f = -t*f - 232. What are the prime factors of f?
2, 29
Let p(z) = -z**2 + z + 3. Let i be p(0). Suppose 2 + 0 = -2*c + 5*o, 0 = -5*c + o + 18. Let a = i + c. What are the prime factors of a?
7
Let o = 0 - -35. List the prime factors of o.
5, 7
Let m(h) = h - 5. Let t be m(6). Let n = t + 1. What are the prime factors of 1 + (n - 1) + 6?
2
Let r = 125 - 82. What are the prime factors of r?
43
List the prime factors of (137/(-2))/((-11)/22).
137
Let o = 7 - -7. Suppose -3*w = d - 15, 2*d - o = -2*w + 4*w. List the prime factors of d.
3
Let h = -34 - -97. List the prime factors of h.
3, 7
Suppose 22*m - 3588 = 1648. List the prime factors of m.
2, 7, 17
Let c(o) = 4*o + 3. Let a be c(-3). Let u = a + 16. What are the prime factors of u?
7
Let w(a) be the third derivative of 0*a - 1/120*a**6 + 3*a**2 + 1/2*a**3 - 1/60*a**5 - 1/24*a**4 + 0. List the prime factors of w(0).
3
What are the prime factors of 4/(2/26 - 0)?
2, 13
Suppose -3*x + 350 = 4*x. List the prime factors of x.
2, 5
Suppose -d + a + 296 = 2*d, 3*a + 112 = d. What are the prime factors of d?
97
Let d = -27 + 30. List the prime factors of d.
3
Suppose 2*c - 20 = -3*c. Suppose 64 = -0*g + c*g. What are the prime factors of g?
2
Let u(f) = f**3 - 2*f**2 + 2*f - 3. Let h be u(2). Let i be (h + -2)/((-1)/3). Suppose 0 = 2*w + i*w - 40. What are the prime factors of w?
2
Let l = -47 + 80. List the prime factors of l.
3, 11
Let s(r) = 2*r**2 + 7*r - 6. List the prime factors of s(-6).
2, 3
Suppose -3*w - 47 = x, -w + 0*x = -3*x - 1. Let u be 94/w + 8/(-28). Let j = u - -11. What are the prime factors of j?
2
Let x be (2/4)/(2/(-72)). Let i = 32 + x. Let j = 22 - i. List the prime factors of j.
2
Let o(l) = l**3 - 17*l**2 - 16*l - 23. What are the prime factors of o(18)?
13
Let u = 4 - 1. Let j be (3 + -2)/(1/u). List the prime factors of j/(-6)*2*-3.
3
Let c = 0 + -2. Let f = 2 - c. What are the prime factors of f?
2
List the prime factors of -2*((-130)/4 - -1).
3, 7
Let v(g) = -g**2 - g + 1. Let c be v(0). Suppose 2*t = -0*t - 2*i + 8, 5*i + c = 2*t. Suppose d - p - p = 0, -2 = -t*d + 5*p. What are the prime factors of d?
2
Let v(j) = j**3 - 6*j**2 - 8*j - 9. Let o be v(7). Let y = o - -35. List the prime factors of y.
19
Suppose -325 - 11 = -3*j. List the prime factors of j.
2, 7
Let c(h) = h**3 - h. Let n be c(-2). Let p = n + 19. List the prime factors of p.
13
Suppose -3*g = -8*g + 65. Let f = -6 + g. List the prime factors of f.
7
Suppose 0 = u - 4*u + 9. Let j = u + -5. List the prime factors of ((-1)/1 + j)*-1.
3
List the prime factors of 23 - (2/(-1))/2.
2, 3
Let v(u) = 35*u**2 + 2*u - 2. List the prime factors of v(-2).
2, 67
Suppose 313 - 1 = 4*t. Suppose -2*p = -5*p + t. Suppose 5*m + p = 91. List the prime factors of m.
13
Let n = 0 - -23. List the prime factors of n.
23
Suppose -s + 5*s - 8 = 0. Suppose 0 = -s*u + 23 - 5. What are the prime factors of u?
3
Let y(s) = -s**2 - 15*s - 12. List the prime factors of y(-11).
2
Let d = 62 + -43. List the prime factors of d.
19
Suppose 5*q - 59 = 2*u, 5*q - 47 = u - 5*u. Suppose 3*a = 5*a - 5*l + 27, -3*l = 5*a + 21. Let w = q + a. List the prime factors of w.
5
Let c = 696 - 395. List the prime factors of c.
7, 43
Let u(c) = c**2 + 1. Let m be u(2). Suppose -4*o + q + 3 = -17, -5*o = -m*q - 40. List the prime factors of o.
2
Suppose 3*a - 104 = -5*n, -5*a + 2*n + 23 = -140. Suppose -2*k - 6 = 0, -2*k = -p + 3*k + a. List the prime factors of p.
2, 3
What are the prime factors of ((-4)/12)/(2/(-126))?
3, 7
Suppose -178 = -h - h. What are the prime factors of h?
89
Let w(a) = 5*a - 4. Let l be w(2). Let q(g) = 5*g + 3. List the prime factors of q(l).
3, 11
Let c(l) = 1. Let m(s) = 2*s - 4. Let u(b) = -c(b) + m(b). What are the prime factors of u(9)?
13
Let s(h) = -3*h + 2*h + 0 + 18. Let v(m) = -3*m + 8. Let y be v(0). What are the prime factors of s(y)?
2, 5
What are the prime factors of 74/4*(-4)/(-2)?
37
Let n(x) = 15*x**3 - 2*x + 1. What are the prime factors of n(1)?
2, 7
What are the prime factors of 4/16 + 2790/8 + 4?
353
Let y(t) = t. Let v be y(11). Let h(i) = -i**3 + 11*i**2 + 11*i - 9. Let a be h(v). Suppose o + 4*o - 4*n = a, o - 8 = -4*n. List the prime factors of o.
2, 5
Let s(g) = -31*g + 1. What are the prime factors of s(-2)?
3, 7
Suppose -3*n = -8*n + 15. Let l(m) = -m**2 - m**2 + m**2 - 13*m**n. What are the prime factors of l(-1)?
2, 3
Let v = -4 - -13. What are the prime factors of v?
3
Let y(g) = -g**3 + 3*g**2 + g - 3. Let d be y(3). Suppose d = 5*x - 126 - 14. What are the prime factors of x?
2, 7
Suppose -28 = -4*v + 2*v. Suppose -8 = -k + v. What are the prime factors of k?
2, 11
What are the prime factors of -96*1*2/(-4)?
2, 3
Let h(y) be the second derivative of -y**3/6 + 3*y. Let s be (-1 + -5)/((-4)/(-6)). What are the prime factors of h(s)?
3
Suppose 6 = 4*s - 10. Suppose 3*k = s*t - 73, -3*t + 2*t - 4*k = -23. What are the prime factors of t?
19
Let j = -15 + 11. Let x = -4 + j. Let w(q) = -q + 1. List the prime factors of w(x).
3
Let s = 10 - 6. Suppose 5*h = -25, -c + h = -s*h - 30. What are 